+ 4*k - p. Suppose 5*u - v = 8. What is the units digit of u?
5
Suppose 0 = 5*v + 16 - 71. Suppose -b - o + v = -3*b, 3*o = -4*b + 3. What is the units digit of ((-480)/b)/4 - 0?
0
Suppose 4 = -u - 4*q, 2*q - 3*q - 23 = 3*u. Let d(a) = a**3 + 6*a - 167*a**2 + 0*a**3 + 176*a**2 - 6. What is the tens digit of d(u)?
1
Suppose 0 = -45*i + 16*i + 58087. What is the units digit of i?
3
Suppose 0 = 15*c - 10*c + 10. What is the tens digit of 3 + (-1460)/(-14) - c/(-7)?
0
Let v(n) = -7*n - 3. Suppose 0*p + 18 = -3*p. Let g be v(p). Let c = -20 + g. What is the tens digit of c?
1
Let h = 6594 + -3144. What is the hundreds digit of h?
4
Let b(j) = 2*j**2 + 12*j - 7. Let x(r) = r**3 + 7*r**2 - r - 4. Let k be x(-7). Let h(w) = -w + 1. Let s(l) = k*h(l) + b(l). What is the tens digit of s(-7)?
3
Let p be -3 + -4 + 1 + 6. Let u(w) = -w**3 + 2. Let f be u(p). Let y = f - -47. What is the tens digit of y?
4
Let o(w) = 3*w + 15. Suppose -276 = -6*d - 60. Let z be (-1)/4 + 189/d. What is the tens digit of o(z)?
3
Suppose 15*r - 17*r + 82 = 0. Let s(l) = -2*l - 20*l + r*l. What is the tens digit of s(2)?
3
Suppose -3*c + 96 = -510. What is the tens digit of c?
0
Let b(j) = j**2 + 9*j - 20. What is the tens digit of b(18)?
6
Let i(f) = -1634*f - 53. What is the units digit of i(-2)?
5
Let m = -3286 + 6287. What is the hundreds digit of m?
0
Suppose 0 = -3*u + 3*f + 150, -u = 5*f - 8*f - 52. What is the units digit of u?
9
What is the tens digit of 3/((-3)/5) + 151 + -33?
1
Let o(d) = -81*d + 402. What is the thousands digit of o(-22)?
2
Let a = 91 - 35. What is the units digit of (-58)/(-14) - 8/a?
4
Suppose -187 = 2*m + 81. Let b be m*(-1)/2 - -3. Let l = b + -36. What is the tens digit of l?
3
Let z(h) = h**3 - 12*h**2 + 9*h - 8. Let f be z(5). Let t = 365 + f. What is the units digit of t?
7
Let t = -47 + 45. What is the tens digit of 2/t*95/(-1)?
9
Let l be (9*(-19)/1)/((-12)/8). What is the tens digit of l/8*((-80)/15)/(-2)?
3
What is the units digit of 473/(-22)*(2*-79 + 0)?
7
What is the tens digit of (7/14*11)/(1/62)?
4
Suppose -892*o + 5764 = -888*o. What is the thousands digit of o?
1
Let b be 26 + -7 + 0 + 0. Let t be (0 + -2)*507/(-26). Let z = t - b. What is the units digit of z?
0
Let c = -2598 + 3668. What is the hundreds digit of c?
0
Let v(l) = l**2 + 11*l + 14. Let s be v(-10). Suppose s*a = 8*a - 32. Let y = 17 + a. What is the tens digit of y?
2
Let h(a) = 2*a + 1. Let c be h(2). Let s(r) be the first derivative of 2*r**3/3 - 5*r**2/2 + 4*r - 20. What is the units digit of s(c)?
9
Suppose 11*h - 118608 = -17*h. What is the tens digit of h?
3
Suppose -24*p + 43876 = 4*p. What is the tens digit of p?
6
Let u = -33 - 38. Let o = u - -188. Suppose 0 = -5*s - 15, -3*s - 9 - o = -3*i. What is the tens digit of i?
3
Suppose 8*d - 5677 = -5*w + 9*d, -2*d = -2*w + 2266. What is the units digit of w?
6
Suppose 123 = 5*n - 2*s - 271, 305 = 4*n - 5*s. What is the tens digit of n?
8
Let p(f) = 1 - 63*f + 3 - 130*f - 1. What is the units digit of p(-1)?
6
Let n(m) = -m**2 + 16*m - 24. What is the units digit of n(9)?
9
Suppose -3*h - 10 = -2*h + 5*v, -5*v = 10. Suppose -g - g - 2 = h. What is the tens digit of 0 + g + -6 + 25?
1
Let y(z) = -z - 6. Let w be y(-8). Suppose w*t = -3*t. Suppose 3*p - 71 - 106 = t. What is the tens digit of p?
5
Suppose -q + 5*q - 1024 = 0. Let k = q - 149. What is the hundreds digit of k?
1
Let v = 1064 + -729. What is the tens digit of v?
3
Let o(p) = 1 - p - 5 + 2 + 3*p. Let u be o(5). What is the units digit of 348/u + (-2)/4?
3
What is the hundreds digit of (-4)/1 + 70 + 255?
3
Suppose -4*x = -226 - 270. Suppose 3*h + 4*a - x = 5*a, a + 4 = 0. Let n = h - 15. What is the units digit of n?
5
Let f(d) = -39*d - 9. Let n be f(-5). Let o = n - 22. Suppose -3*r - 2*m = -0*r - 113, o = 4*r - 4*m. What is the tens digit of r?
3
Let r = 618 - 441. What is the units digit of r?
7
Suppose u = -12*u + 3692. What is the units digit of u?
4
Suppose 3*n = -4*i - 23, -n - 2 - 4 = i. Let j = 31 + i. What is the units digit of j?
6
Let a be (1 - 2 - -1) + 292 + -3. Let k = a - 91. What is the tens digit of k?
9
Suppose -1243 = -3*g - 4*b, -5*g + 3*b + 1032 = -1001. What is the units digit of g?
9
Let i(z) = -533*z - 212. What is the tens digit of i(-3)?
8
Let p = 1 + 1. Let a = -100 - -104. Let c = a - p. What is the units digit of c?
2
Suppose -2*f - 3*y = -10242, -2*f - 4*f + 3*y + 30702 = 0. What is the hundreds digit of f?
1
What is the units digit of -6 - (-2 + -5) - -56?
7
Let x be 0 + 0/(8/2). Suppose -11 = -0*f + f - 5*h, 5*h = -f + 19. Suppose x = -3*w - 5*d - 2, w + f*d - 1 + 4 = 0. What is the units digit of w?
1
Suppose 5 = -2*o + 1, 3*v + 77 = -4*o. Let g = v + 26. Suppose h - 132 = -g*h. What is the tens digit of h?
3
Let x be (-1)/(4 + (-43)/11). Let f(m) = m**3 + 11*m**2 - 3*m - 15. What is the units digit of f(x)?
8
Let q = -271 - -451. Suppose q = -c + 5*c. What is the units digit of c?
5
Let s(p) = -p**3 - 13*p**2 - 12*p - 10. Let f be s(-12). Let b = -25 - f. Let m = b + 27. What is the units digit of m?
2
Suppose -5*b + 105 = -2*b. Let p = b + -30. What is the units digit of p?
5
Suppose 4*y - 792 = -0*y - 2*c, -y - 5*c = -207. What is the hundreds digit of y?
1
Suppose j + 7*m - 138 = 2*m, -3*j + 3*m + 486 = 0. What is the hundreds digit of j?
1
Let a = 1951 + 390. What is the hundreds digit of a?
3
Suppose -4*i - 399 = -7*i. Suppose -2*q + 1 = -i. Suppose 4*o - 162 = -5*m, 2*o + m - q = 17. What is the units digit of o?
3
Let p = -1998 + 2747. What is the units digit of p?
9
Let n = 37 - -56. Let a be -3 + 930/130 + 6/(-39). Suppose 0 = a*z + 21 - n. What is the units digit of z?
8
Let q(c) = 2*c**2 + c + 6. Let t(p) = 2*p**2 + 7. Let m(j) = 3*q(j) - 2*t(j). Let z be m(-2). Suppose -14 = z*x - 7*x. What is the units digit of x?
4
Let r(g) be the second derivative of -g**5/20 + 5*g**4/12 + g**3/2 + 2*g**2 + 8*g. What is the tens digit of r(3)?
3
Let s(n) = -25*n - 2. Suppose h + 22 = -4*u, u = -5*h + 3*u. What is the units digit of s(h)?
8
Suppose -3*r + 754 = -125. What is the tens digit of r/3 + (-6)/(-18)?
9
Suppose 5*s + 5984 = 13*s. What is the tens digit of s?
4
Let t = 851 - 510. Suppose -9*m = -t - 505. What is the tens digit of m?
9
Let z(s) be the third derivative of s**5/60 + s**4/6 + s**3/2 + 2*s**2. Let k(o) be the first derivative of z(o). What is the tens digit of k(6)?
1
Let z = 26 - 31. What is the tens digit of (4/z)/(2/(-35))?
1
Let q(k) = 7*k**3 + 4*k**2 - 6*k + 3. Let d be q(6). Suppose 15*s - d - 1032 = 0. What is the tens digit of s?
7
Let o(s) = s**2 - 2. Let y be o(0). Let k be 9/y - 9/18. Let w = k - -16. What is the tens digit of w?
1
Let z(k) = k**2 - 9*k + 0*k**2 + 7*k - 7. What is the tens digit of z(-6)?
4
Let u(q) = 90*q**2 - 12*q - 7. What is the tens digit of u(4)?
8
Let b(u) = 4*u + 2. Let d be b(5). Suppose -21*c + d*c - 81 = 0. What is the tens digit of c?
8
Suppose -x + 2 = 5. Let h(q) = -q**3 - 2*q**2 + q + 1. Let w be h(x). Suppose -3*m + w = -44. What is the tens digit of m?
1
Suppose -5*n + n - 52 = -4*g, 3*g = -3*n - 63. What is the tens digit of ((-4)/(-6))/(n/(-1326))?
5
Let u be (-7)/(-2) + 1/(-2). Suppose u*a - 304 = -a - 5*q, 2*a = -q + 158. What is the units digit of a?
1
Suppose -2*p - 3*p = 5*z - 295, -5*z = -2*p + 118. What is the tens digit of p?
5
Let q(u) = 1303*u**3 - 4*u**2 - 2. What is the thousands digit of q(1)?
1
Suppose 4*b + r = 4416, 4*b = 3*b + 5*r + 1125. Suppose -a + 6*a = b. What is the hundreds digit of a?
2
What is the tens digit of ((-7)/(-7))/(1/1001)?
0
Suppose 0 = -4*j + 12, -u - 3*j = -6*u + 21. Let p(r) = r**3 - 5*r**2 - 4*r - 11. Let y be p(u). What is the units digit of 780/72 - y/(-6)?
1
Let b be (-45 + -3)*(-8)/12. Suppose b*d = 28*d + 172. What is the tens digit of d?
4
Suppose 5*h - 5*y = 916 + 2154, 2*y = 5*h - 3064. What is the tens digit of h?
1
Let w(d) = -29*d - 2. Suppose 2*f = -v - 13, 5*v + 5*f + 75 = -0*v. Let o = 15 + v. What is the tens digit of w(o)?
5
Suppose -33 = -5*o + n, -2*n = -5*o - 6*n + 43. Suppose o*c - 1885 = -275. What is the hundreds digit of c?
2
Let s be (-1)/1 - 876/(-6). Suppose -5*n + s = -5*i, -2*n + 37 = i - 9. What is the units digit of (n - 0)/(5 - 4)?
5
Let o = 3 + 4. Let d = -6 + o. What is the te